{"id":13546,"date":"2022-04-19T15:33:52","date_gmt":"2022-04-19T15:33:52","guid":{"rendered":"https:\/\/anges.pt\/joao-carlos\/"},"modified":"2022-04-19T15:33:52","modified_gmt":"2022-04-19T15:33:52","slug":"joao-carlos","status":"publish","type":"page","link":"https:\/\/anges.pt\/es\/joao-carlos\/","title":{"rendered":"JO\u00c3O CARLOS"},"content":{"rendered":"<div class=\"elementor-column elementor-col-33 elementor-top-column elementor-element elementor-element-0836d7e\" data-id=\"0836d7e\" data-element_type=\"column\">\n<div class=\"elementor-widget-wrap elementor-element-populated\">\n<div class=\"elementor-element elementor-element-7af7db6 elementor-widget elementor-widget-image\" data-id=\"7af7db6\" data-element_type=\"widget\" data-widget_type=\"image.default\">\n<div class=\"elementor-widget-container\"><img decoding=\"async\" class=\"attachment-large size-large alignleft lazyload\" data-src=\"https:\/\/anges.pt\/wp-content\/uploads\/2019\/07\/Jcorreia.png\" data-sizes=\"(max-width: 400px) 100vw, 400px\" data-srcset=\"https:\/\/anges.pt\/wp-content\/uploads\/2019\/07\/Jcorreia-66x66.png 66w, https:\/\/anges.pt\/wp-content\/uploads\/2019\/07\/Jcorreia-150x150.png 150w, https:\/\/anges.pt\/wp-content\/uploads\/2019\/07\/Jcorreia-200x200.png 200w, https:\/\/anges.pt\/wp-content\/uploads\/2019\/07\/Jcorreia-300x300.png 300w, https:\/\/anges.pt\/wp-content\/uploads\/2019\/07\/Jcorreia.png 400w\" alt=\"Jo\u00e3o Carlos Correia\" width=\"400\" height=\"400\" src=\"data:image\/svg+xml;base64,PHN2ZyB3aWR0aD0iMSIgaGVpZ2h0PSIxIiB4bWxucz0iaHR0cDovL3d3dy53My5vcmcvMjAwMC9zdmciPjwvc3ZnPg==\" style=\"--smush-placeholder-width: 400px; --smush-placeholder-aspect-ratio: 400\/400;\"><\/div>\n<\/div>\n<\/div>\n<\/div>\n<div class=\"elementor-column elementor-col-66 elementor-top-column elementor-element elementor-element-6e85258\" data-id=\"6e85258\" data-element_type=\"column\">\n<div class=\"elementor-widget-wrap elementor-element-populated\">\n<div class=\"elementor-element elementor-element-cf0f6e5 elementor-widget elementor-widget-text-editor\" data-id=\"cf0f6e5\" data-element_type=\"widget\" data-widget_type=\"text-editor.default\">\n<div class=\"elementor-widget-container\">\n<div>\n<p class=\"eael-team-text\">Es licenciado en Ingenier\u00eda Inform\u00e1tica por el Instituto Superior de Engenharia de Coimbra y posgraduado en Organizaci\u00f3n y Gesti\u00f3n de la Formaci\u00f3n por TwoFold. Actualmente trabaja como formador para la Asociaci\u00f3n de Par\u00e1lisis Cerebral de Coimbra, en la cualificaci\u00f3n de personas con discapacidad y otras incapacidades. Tambi\u00e9n tiene conocimientos de desarrollo web, gesti\u00f3n de redes sociales y marketing digital.<\/p>\n<\/div>\n<\/div>\n<\/div>\n<\/div>\n<\/div>\n","protected":false},"excerpt":{"rendered":"<p>Es licenciado en Ingenier\u00eda Inform\u00e1tica por el Instituto Superior de Engenharia de Coimbra y posgraduado en Organizaci\u00f3n y Gesti\u00f3n de<\/p>\n","protected":false},"author":1,"featured_media":0,"parent":0,"menu_order":0,"comment_status":"closed","ping_status":"closed","template":"","meta":{"footnotes":""},"class_list":["post-13546","page","type-page","status-publish","hentry"],"yoast_head":"<!-- This site is optimized with the Yoast SEO Premium plugin v27.5 (Yoast SEO v27.5) - https:\/\/yoast.com\/product\/yoast-seo-premium-wordpress\/ -->\n<title>JO\u00c3O CARLOS - Anges<\/title>\n<meta name=\"robots\" content=\"index, follow, max-snippet:-1, max-image-preview:large, max-video-preview:-1\" \/>\n<link rel=\"canonical\" href=\"https:\/\/anges.pt\/es\/joao-carlos\/\" \/>\n<meta property=\"og:locale\" content=\"es_ES\" \/>\n<meta property=\"og:type\" content=\"article\" \/>\n<meta property=\"og:title\" content=\"JO\u00c3O CARLOS\" \/>\n<meta property=\"og:description\" content=\"Es licenciado en Ingenier\u00eda Inform\u00e1tica por el Instituto Superior de Engenharia de Coimbra y posgraduado en Organizaci\u00f3n y Gesti\u00f3n de\" \/>\n<meta property=\"og:url\" content=\"https:\/\/anges.pt\/es\/joao-carlos\/\" \/>\n<meta property=\"og:site_name\" content=\"Anges\" \/>\n<meta property=\"article:publisher\" content=\"https:\/\/www.facebook.com\/anges.pt\" \/>\n<meta property=\"og:image\" content=\"https:\/\/anges.pt\/wp-content\/uploads\/2019\/07\/Jcorreia.png\" \/>\n<meta name=\"twitter:card\" content=\"summary_large_image\" \/>\n<script type=\"application\/ld+json\" class=\"yoast-schema-graph\">{\"@context\":\"https:\\\/\\\/schema.org\",\"@graph\":[{\"@type\":\"WebPage\",\"@id\":\"https:\\\/\\\/anges.pt\\\/es\\\/joao-carlos\\\/\",\"url\":\"https:\\\/\\\/anges.pt\\\/es\\\/joao-carlos\\\/\",\"name\":\"JO\u00c3O CARLOS - Anges\",\"isPartOf\":{\"@id\":\"https:\\\/\\\/anges.pt\\\/es\\\/#website\"},\"primaryImageOfPage\":{\"@id\":\"https:\\\/\\\/anges.pt\\\/es\\\/joao-carlos\\\/#primaryimage\"},\"image\":{\"@id\":\"https:\\\/\\\/anges.pt\\\/es\\\/joao-carlos\\\/#primaryimage\"},\"thumbnailUrl\":\"https:\\\/\\\/anges.pt\\\/wp-content\\\/uploads\\\/2019\\\/07\\\/Jcorreia.png\",\"datePublished\":\"2022-04-19T15:33:52+00:00\",\"breadcrumb\":{\"@id\":\"https:\\\/\\\/anges.pt\\\/es\\\/joao-carlos\\\/#breadcrumb\"},\"inLanguage\":\"es\",\"potentialAction\":[{\"@type\":\"ReadAction\",\"target\":[\"https:\\\/\\\/anges.pt\\\/es\\\/joao-carlos\\\/\"]}]},{\"@type\":\"ImageObject\",\"inLanguage\":\"es\",\"@id\":\"https:\\\/\\\/anges.pt\\\/es\\\/joao-carlos\\\/#primaryimage\",\"url\":\"https:\\\/\\\/anges.pt\\\/wp-content\\\/uploads\\\/2019\\\/07\\\/Jcorreia.png\",\"contentUrl\":\"https:\\\/\\\/anges.pt\\\/wp-content\\\/uploads\\\/2019\\\/07\\\/Jcorreia.png\"},{\"@type\":\"BreadcrumbList\",\"@id\":\"https:\\\/\\\/anges.pt\\\/es\\\/joao-carlos\\\/#breadcrumb\",\"itemListElement\":[{\"@type\":\"ListItem\",\"position\":1,\"name\":\"In\u00edcio\",\"item\":\"https:\\\/\\\/anges.pt\\\/es\\\/inicio\\\/\"},{\"@type\":\"ListItem\",\"position\":2,\"name\":\"JO\u00c3O CARLOS\"}]},{\"@type\":\"WebSite\",\"@id\":\"https:\\\/\\\/anges.pt\\\/es\\\/#website\",\"url\":\"https:\\\/\\\/anges.pt\\\/es\\\/\",\"name\":\"Anges\",\"description\":\"Associa\u00e7\u00e3o Nacional de Gerontologia Social\",\"publisher\":{\"@id\":\"https:\\\/\\\/anges.pt\\\/es\\\/#organization\"},\"alternateName\":\"Associa\u00e7\u00e3o Nacional de Gerontologia Social\",\"potentialAction\":[{\"@type\":\"SearchAction\",\"target\":{\"@type\":\"EntryPoint\",\"urlTemplate\":\"https:\\\/\\\/anges.pt\\\/es\\\/?s={search_term_string}\"},\"query-input\":{\"@type\":\"PropertyValueSpecification\",\"valueRequired\":true,\"valueName\":\"search_term_string\"}}],\"inLanguage\":\"es\"},{\"@type\":\"Organization\",\"@id\":\"https:\\\/\\\/anges.pt\\\/es\\\/#organization\",\"name\":\"Anges\",\"alternateName\":\"Asociaci\u00f3n Nacional de Gerontolog\u00eda Social\",\"url\":\"https:\\\/\\\/anges.pt\\\/es\\\/\",\"logo\":{\"@type\":\"ImageObject\",\"inLanguage\":\"es\",\"@id\":\"https:\\\/\\\/anges.pt\\\/es\\\/#\\\/schema\\\/logo\\\/image\\\/\",\"url\":\"https:\\\/\\\/anges.pt\\\/wp-content\\\/uploads\\\/2024\\\/08\\\/Dimensoes-personalizadas-3x2-cm-4.jpeg\",\"contentUrl\":\"https:\\\/\\\/anges.pt\\\/wp-content\\\/uploads\\\/2024\\\/08\\\/Dimensoes-personalizadas-3x2-cm-4.jpeg\",\"width\":170,\"height\":114,\"caption\":\"Anges\"},\"image\":{\"@id\":\"https:\\\/\\\/anges.pt\\\/es\\\/#\\\/schema\\\/logo\\\/image\\\/\"},\"sameAs\":[\"https:\\\/\\\/www.facebook.com\\\/anges.pt\",\"https:\\\/\\\/www.instagram.com\\\/associacaoanges\\\/\"]}]}<\/script>\n<!-- \/ Yoast SEO Premium plugin. -->","yoast_head_json":{"title":"JO\u00c3O CARLOS - Anges","robots":{"index":"index","follow":"follow","max-snippet":"max-snippet:-1","max-image-preview":"max-image-preview:large","max-video-preview":"max-video-preview:-1"},"canonical":"https:\/\/anges.pt\/es\/joao-carlos\/","og_locale":"es_ES","og_type":"article","og_title":"JO\u00c3O CARLOS","og_description":"Es licenciado en Ingenier\u00eda Inform\u00e1tica por el Instituto Superior de Engenharia de Coimbra y posgraduado en Organizaci\u00f3n y Gesti\u00f3n de","og_url":"https:\/\/anges.pt\/es\/joao-carlos\/","og_site_name":"Anges","article_publisher":"https:\/\/www.facebook.com\/anges.pt","og_image":[{"url":"https:\/\/anges.pt\/wp-content\/uploads\/2019\/07\/Jcorreia.png","type":"","width":"","height":""}],"twitter_card":"summary_large_image","schema":{"@context":"https:\/\/schema.org","@graph":[{"@type":"WebPage","@id":"https:\/\/anges.pt\/es\/joao-carlos\/","url":"https:\/\/anges.pt\/es\/joao-carlos\/","name":"JO\u00c3O CARLOS - Anges","isPartOf":{"@id":"https:\/\/anges.pt\/es\/#website"},"primaryImageOfPage":{"@id":"https:\/\/anges.pt\/es\/joao-carlos\/#primaryimage"},"image":{"@id":"https:\/\/anges.pt\/es\/joao-carlos\/#primaryimage"},"thumbnailUrl":"https:\/\/anges.pt\/wp-content\/uploads\/2019\/07\/Jcorreia.png","datePublished":"2022-04-19T15:33:52+00:00","breadcrumb":{"@id":"https:\/\/anges.pt\/es\/joao-carlos\/#breadcrumb"},"inLanguage":"es","potentialAction":[{"@type":"ReadAction","target":["https:\/\/anges.pt\/es\/joao-carlos\/"]}]},{"@type":"ImageObject","inLanguage":"es","@id":"https:\/\/anges.pt\/es\/joao-carlos\/#primaryimage","url":"https:\/\/anges.pt\/wp-content\/uploads\/2019\/07\/Jcorreia.png","contentUrl":"https:\/\/anges.pt\/wp-content\/uploads\/2019\/07\/Jcorreia.png"},{"@type":"BreadcrumbList","@id":"https:\/\/anges.pt\/es\/joao-carlos\/#breadcrumb","itemListElement":[{"@type":"ListItem","position":1,"name":"In\u00edcio","item":"https:\/\/anges.pt\/es\/inicio\/"},{"@type":"ListItem","position":2,"name":"JO\u00c3O CARLOS"}]},{"@type":"WebSite","@id":"https:\/\/anges.pt\/es\/#website","url":"https:\/\/anges.pt\/es\/","name":"Anges","description":"Associa\u00e7\u00e3o Nacional de Gerontologia Social","publisher":{"@id":"https:\/\/anges.pt\/es\/#organization"},"alternateName":"Associa\u00e7\u00e3o Nacional de Gerontologia Social","potentialAction":[{"@type":"SearchAction","target":{"@type":"EntryPoint","urlTemplate":"https:\/\/anges.pt\/es\/?s={search_term_string}"},"query-input":{"@type":"PropertyValueSpecification","valueRequired":true,"valueName":"search_term_string"}}],"inLanguage":"es"},{"@type":"Organization","@id":"https:\/\/anges.pt\/es\/#organization","name":"Anges","alternateName":"Asociaci\u00f3n Nacional de Gerontolog\u00eda Social","url":"https:\/\/anges.pt\/es\/","logo":{"@type":"ImageObject","inLanguage":"es","@id":"https:\/\/anges.pt\/es\/#\/schema\/logo\/image\/","url":"https:\/\/anges.pt\/wp-content\/uploads\/2024\/08\/Dimensoes-personalizadas-3x2-cm-4.jpeg","contentUrl":"https:\/\/anges.pt\/wp-content\/uploads\/2024\/08\/Dimensoes-personalizadas-3x2-cm-4.jpeg","width":170,"height":114,"caption":"Anges"},"image":{"@id":"https:\/\/anges.pt\/es\/#\/schema\/logo\/image\/"},"sameAs":["https:\/\/www.facebook.com\/anges.pt","https:\/\/www.instagram.com\/associacaoanges\/"]}]}},"_links":{"self":[{"href":"https:\/\/anges.pt\/es\/wp-json\/wp\/v2\/pages\/13546","targetHints":{"allow":["GET"]}}],"collection":[{"href":"https:\/\/anges.pt\/es\/wp-json\/wp\/v2\/pages"}],"about":[{"href":"https:\/\/anges.pt\/es\/wp-json\/wp\/v2\/types\/page"}],"author":[{"embeddable":true,"href":"https:\/\/anges.pt\/es\/wp-json\/wp\/v2\/users\/1"}],"replies":[{"embeddable":true,"href":"https:\/\/anges.pt\/es\/wp-json\/wp\/v2\/comments?post=13546"}],"version-history":[{"count":0,"href":"https:\/\/anges.pt\/es\/wp-json\/wp\/v2\/pages\/13546\/revisions"}],"wp:attachment":[{"href":"https:\/\/anges.pt\/es\/wp-json\/wp\/v2\/media?parent=13546"}],"curies":[{"name":"wp","href":"https:\/\/api.w.org\/{rel}","templated":true}]}}

JOÃO CARLOS

<div class="elementor-column elementor-col-33 elementor-top-column elementor-element elementor-element-0836d7e" data-id="0836d7e" data-element_type="column">
<div class="elementor-widget-wrap elementor-element-populated">
<div class="elementor-element elementor-element-7af7db6 elementor-widget elementor-widget-image" data-id="7af7db6" data-element_type="widget" data-widget_type="image.default">
<div class="elementor-widget-container"><img decoding="async" class="attachment-large size-large alignleft lazyload" data-src="https://anges.pt/wp-content/uploads/2019/07/Jcorreia.png" data-sizes="(max-width: 400px) 100vw, 400px" data-srcset="https://anges.pt/wp-content/uploads/2019/07/Jcorreia-66x66.png 66w, https://anges.pt/wp-content/uploads/2019/07/Jcorreia-150x150.png 150w, https://anges.pt/wp-content/uploads/2019/07/Jcorreia-200x200.png 200w, https://anges.pt/wp-content/uploads/2019/07/Jcorreia-300x300.png 300w, https://anges.pt/wp-content/uploads/2019/07/Jcorreia.png 400w" alt="João Carlos Correia" width="400" height="400" src="data:image/svg+xml;base64,PHN2ZyB3aWR0aD0iMSIgaGVpZ2h0PSIxIiB4bWxucz0iaHR0cDovL3d3dy53My5vcmcvMjAwMC9zdmciPjwvc3ZnPg==" style="--smush-placeholder-width: 400px; --smush-placeholder-aspect-ratio: 400/400;"></div>
</div>
</div>
</div>
<div class="elementor-column elementor-col-66 elementor-top-column elementor-element elementor-element-6e85258" data-id="6e85258" data-element_type="column">
<div class="elementor-widget-wrap elementor-element-populated">
<div class="elementor-element elementor-element-cf0f6e5 elementor-widget elementor-widget-text-editor" data-id="cf0f6e5" data-element_type="widget" data-widget_type="text-editor.default">
<div class="elementor-widget-container">
<div>
<p class="eael-team-text">Es licenciado en Ingeniería Informática por el Instituto Superior de Engenharia de Coimbra y posgraduado en Organización y Gestión de la Formación por TwoFold. Actualmente trabaja como formador para la Asociación de Parálisis Cerebral de Coimbra, en la cualificación de personas con discapacidad y otras incapacidades. También tiene conocimientos de desarrollo web, gestión de redes sociales y marketing digital.</p>
</div>
</div>
</div>
</div>
</div>

<p>Es licenciado en Ingeniería Informática por el Instituto Superior de Engenharia de Coimbra y posgraduado en Organización y Gestión de</p>

<!-- This site is optimized with the Yoast SEO Premium plugin v27.5 (Yoast SEO v27.5) - https://yoast.com/product/yoast-seo-premium-wordpress/ -->
<title>JOÃO CARLOS - Anges</title>
<meta name="robots" content="index, follow, max-snippet:-1, max-image-preview:large, max-video-preview:-1" />
<link rel="canonical" href="https://anges.pt/es/joao-carlos/" />
<meta property="og:locale" content="es_ES" />
<meta property="og:type" content="article" />
<meta property="og:title" content="JOÃO CARLOS" />
<meta property="og:description" content="Es licenciado en Ingeniería Informática por el Instituto Superior de Engenharia de Coimbra y posgraduado en Organización y Gestión de" />
<meta property="og:url" content="https://anges.pt/es/joao-carlos/" />
<meta property="og:site_name" content="Anges" />
<meta property="article:publisher" content="https://www.facebook.com/anges.pt" />
<meta property="og:image" content="https://anges.pt/wp-content/uploads/2019/07/Jcorreia.png" />
<meta name="twitter:card" content="summary_large_image" />
<script type="application/ld+json" class="yoast-schema-graph">{"@context":"https:\/\/schema.org","@graph":[{"@type":"WebPage","@id":"https:\/\/anges.pt\/es\/joao-carlos\/","url":"https:\/\/anges.pt\/es\/joao-carlos\/","name":"JOÃO CARLOS - Anges","isPartOf":{"@id":"https:\/\/anges.pt\/es\/#website"},"primaryImageOfPage":{"@id":"https:\/\/anges.pt\/es\/joao-carlos\/#primaryimage"},"image":{"@id":"https:\/\/anges.pt\/es\/joao-carlos\/#primaryimage"},"thumbnailUrl":"https:\/\/anges.pt\/wp-content\/uploads\/2019\/07\/Jcorreia.png","datePublished":"2022-04-19T15:33:52+00:00","breadcrumb":{"@id":"https:\/\/anges.pt\/es\/joao-carlos\/#breadcrumb"},"inLanguage":"es","potentialAction":[{"@type":"ReadAction","target":["https:\/\/anges.pt\/es\/joao-carlos\/"]}]},{"@type":"ImageObject","inLanguage":"es","@id":"https:\/\/anges.pt\/es\/joao-carlos\/#primaryimage","url":"https:\/\/anges.pt\/wp-content\/uploads\/2019\/07\/Jcorreia.png","contentUrl":"https:\/\/anges.pt\/wp-content\/uploads\/2019\/07\/Jcorreia.png"},{"@type":"BreadcrumbList","@id":"https:\/\/anges.pt\/es\/joao-carlos\/#breadcrumb","itemListElement":[{"@type":"ListItem","position":1,"name":"Início","item":"https:\/\/anges.pt\/es\/inicio\/"},{"@type":"ListItem","position":2,"name":"JOÃO CARLOS"}]},{"@type":"WebSite","@id":"https:\/\/anges.pt\/es\/#website","url":"https:\/\/anges.pt\/es\/","name":"Anges","description":"Associação Nacional de Gerontologia Social","publisher":{"@id":"https:\/\/anges.pt\/es\/#organization"},"alternateName":"Associação Nacional de Gerontologia Social","potentialAction":[{"@type":"SearchAction","target":{"@type":"EntryPoint","urlTemplate":"https:\/\/anges.pt\/es\/?s={search_term_string}"},"query-input":{"@type":"PropertyValueSpecification","valueRequired":true,"valueName":"search_term_string"}}],"inLanguage":"es"},{"@type":"Organization","@id":"https:\/\/anges.pt\/es\/#organization","name":"Anges","alternateName":"Asociación Nacional de Gerontología Social","url":"https:\/\/anges.pt\/es\/","logo":{"@type":"ImageObject","inLanguage":"es","@id":"https:\/\/anges.pt\/es\/#\/schema\/logo\/image\/","url":"https:\/\/anges.pt\/wp-content\/uploads\/2024\/08\/Dimensoes-personalizadas-3x2-cm-4.jpeg","contentUrl":"https:\/\/anges.pt\/wp-content\/uploads\/2024\/08\/Dimensoes-personalizadas-3x2-cm-4.jpeg","width":170,"height":114,"caption":"Anges"},"image":{"@id":"https:\/\/anges.pt\/es\/#\/schema\/logo\/image\/"},"sameAs":["https:\/\/www.facebook.com\/anges.pt","https:\/\/www.instagram.com\/associacaoanges\/"]}]}</script>
<!-- / Yoast SEO Premium plugin. -->

JOÃO CARLOS - Anges

Es licenciado en Ingeniería Informática por el Instituto Superior de Engenharia de Coimbra y posgraduado en Organización y Gestión de

Início

Associação Nacional de Gerontologia Social

Asociación Nacional de Gerontología Social
